s digit of f/5*2/(-8)*565?
1
Let l = 100 - -220. Let a(q) = 34*q**2 + 274*q + 19. Let s be a(-8). Suppose 3*j = i + 340, -s*i + l = 3*j + i. What is the tens digit of j?
1
Let d = -27495 - -47095. What is the ten thousands digit of d?
1
Suppose 4*o = y + 24, 13 = o + 11*y - 13*y. Suppose 368 = f - 3*g, o*g - g = 4*f - 1464. What is the units digit of f?
5
Let z(m) = -4*m**2 - 86*m + 5421. What is the units digit of z(0)?
1
Let c(h) = -24*h - 15. Let a be ((-6)/3)/(-2) - 6. Let l be c(a). Suppose 3*m = 3*i - 5*i + 120, -3*m = -3*i - l. What is the tens digit of m?
3
Suppose -5*s = -4*b + 490, 0 = -230*b + 228*b - 2*s + 218. What is the units digit of b?
5
Let v(w) = -w**3 - 3*w**2 + 5*w + 3. Let t be v(-3). What is the hundreds digit of t/84 - (-3)/(42/4552)?
3
Suppose 5*u - 5*y = 1675, u + y = -2*y + 343. Let r = u + 673. What is the tens digit of r?
1
Suppose 1233 = -4*n - 587. Suppose 28*g + 244 = 48. What is the units digit of n/(-4) - ((-7)/(-4))/g?
4
Let r = 459 - 414. What is the thousands digit of ((-1816)/(-10))/(6/r)?
1
Let k = -51 + 56. Suppose 2*x + k*v + 236 = -307, -1011 = 4*x - 5*v. Let s = -185 - x. What is the tens digit of s?
7
Suppose 43 = -4*x + 55. Suppose -x*h = -4*h + 384. What is the tens digit of h?
8
Let t(g) = 14*g**3 + 4*g**2 - 6*g + 3. Let c(q) = 2*q**3 - q**2 + 3*q - 2. Let l be c(1). What is the tens digit of t(l)?
1
Let u(q) = 3*q**3 + 9*q**2 + 11*q - 3. Let l(o) = -8*o**3 - 27*o**2 - 32*o + 9. Let s(k) = 4*l(k) + 11*u(k). What is the units digit of s(12)?
1
What is the tens digit of 816/170*5/40*35930?
5
Let b(t) = t**3 + 5*t**2 - 3*t - 15. Let k be b(-5). Let i(q) = 20*q - 8. Let r be i(6). Suppose k = 3*h - 17 - r. What is the units digit of h?
3
Let z(d) = 3*d**3 + 86*d**2 + 44*d + 1. What is the units digit of z(-25)?
6
Let m be ((-3)/(-2) - 30723/(-66)) + -5. Suppose -3*c = -3*z + 1095 + m, 3*z - 5*c - 1551 = 0. What is the tens digit of z?
2
Suppose -242479 = -87*j + 7*j - 4239. What is the tens digit of j?
7
Suppose 13*f - 18*f = -14275. Suppose -f = -9*z + 754. What is the units digit of z?
1
Suppose 4*d + 30 = -2*d. Let t be ((-4)/(-4))/(((-1)/d)/1). What is the tens digit of 19/(12/(-30)*t/(-6))?
5
Suppose -42 = 9*t - 6*t. Let f be t/21 + (-70)/(-6). Suppose s = -f + 76. What is the tens digit of s?
6
Let y = 18500 + -7874. What is the tens digit of y?
2
Let r(g) = 74*g**3 + 19*g**2 - 113*g + 69. What is the ten thousands digit of r(7)?
2
Let r(u) = 2*u**2 + 4*u - 7. Let t be r(-4). Suppose -2*z + t*z + 28 = 0. What is the units digit of ((-1)/(-3))/(z/(-24))?
2
Suppose -3*z - 5*f + 6*f = -1271, -4*z + 1688 = -3*f. Let k = z + -201. What is the hundreds digit of k?
2
Let z(n) = 13*n**2 + 9*n**2 - 10*n - 1 - 17*n**2 + 11. What is the units digit of z(-8)?
0
Let z(r) = -11*r + 14. Let s be z(-5). Suppose 3*y - 204 = -s. Suppose y - 455 = -10*l. What is the units digit of l?
1
Suppose 4*x + 54 = m, 0 = 2*m + 7*x - 4*x - 75. Let w be ((-4)/(-14))/((-9)/(-63))*m. Suppose w = -13*l + 14*l. What is the tens digit of l?
8
Suppose 0 = -13*i + 10*i - 12. Let s be 49 + i/(-1 + -1). Let u = s + 31. What is the units digit of u?
2
Suppose 13*w - 61 - 4 = 0. Let g(r) = 15*r**3 - 38*r**2 - 4*r + 5. What is the hundreds digit of g(w)?
9
Let z(j) = -4*j - 7. Let h be z(-3). Let t(k) = 3*k**3 + k**2 + 5*k + 7. Let g be t(h). Suppose -8*n + 2*n = -g. What is the units digit of n?
2
Let f(n) = -1174*n**3 + 5*n**2 - 2*n - 6. What is the units digit of f(-2)?
0
Let d(y) = 19*y**2 + 7*y - 14. Let k(x) = x**3 + 9*x**2 + 11*x + 28. Let f be k(-8). What is the hundreds digit of d(f)?
3
Let k be (5/3)/((-28)/84). Let s(c) = -13*c**3 + c**2 + 7*c + 44. What is the tens digit of s(k)?
5
Suppose -1529*z - 406159 = -1542*z. What is the thousands digit of z?
1
Let v(p) = -7*p**2 + 7*p - 5. Let z be v(2). Let b(g) = g + 21. Let i be b(z). What is the tens digit of 10*(-15)/(-6)*i?
5
What is the tens digit of (27783000/44)/21 + 4/(-22)?
6
Let f = -77999 + 119668. What is the thousands digit of f?
1
Suppose -1336 = -9*q + 13*q. Let x = q - -780. Suppose 4*o = 5*f + 292 + 151, -4*o + 2*f = -x. What is the units digit of o?
2
Let o(k) = -k - 21. Let l be o(-16). Let m(p) = -p - 2. Let b be m(l). Suppose 0 = b*z - 335 - 1. What is the tens digit of z?
1
Let h = 19314 - 12438. What is the thousands digit of h?
6
Let u(j) be the second derivative of -j**3/2 - 11*j**2 - 7*j. Let l be u(-9). Suppose -m = -3*d + 2*m + 159, l*m = 4*d - 215. What is the units digit of d?
0
Let d(l) be the third derivative of 17*l**5/60 + l**4/3 + l**3/3 + 6*l**2 - 7. What is the tens digit of d(-7)?
7
Suppose -2*o - 52 = -5*o + 4*b, 2*o - 36 = 4*b. Suppose -o = m - 56. Suppose m = h + 24. What is the tens digit of h?
1
Let r = 2897 - 1652. Let v = r + -118. What is the units digit of v?
7
Let a be (2/(-4))/(11/(-264)). Suppose -6 = 3*n + a. Let s = 24 + n. What is the units digit of s?
8
Suppose -46983 = -5*v + 2*r, -15698 = -4*v + 2*r + 21888. What is the thousands digit of v?
9
Suppose 292*p - 290*p - 856 = 0. What is the tens digit of (p/8)/(4/40)?
3
Let q be (1 + (-59)/(-3))/(4/(-12)). Let x = q + 62. Suppose -u - 4*o + 54 = x, u - 23 = -5*o + 35. What is the tens digit of u?
3
Suppose -4*f - 128 = 5*s + 1962, -s = 2*f + 412. Let r = s + 687. What is the units digit of r?
5
Let n(z) = -3*z**2 + 9*z - 14. Let i be n(-9). Let t = i + 981. What is the units digit of t?
3
Let y be 2022/48 + (-4)/32. Let j be (-189)/y*1*-2. Let g = 56 - j. What is the units digit of g?
7
Suppose 44*j - 48*j = g - 5838, -g + 5813 = -j. What is the tens digit of g?
1
Suppose 8644 + 17791 = m - 3*a, -5*a + 52914 = 2*m. What is the ten thousands digit of m?
2
Suppose -4*f - 30 - 50 = 0. What is the tens digit of (-2096)/f - 10/(-50)?
0
Let h = 3275 - 1324. What is the thousands digit of h?
1
Let w(p) = -3*p + 12. Let y be w(-4). Suppose 14*h - y = 9*h + 3*i, h - 5*i - 18 = 0. What is the hundreds digit of ((-18)/(-4) - h)/(4/296)?
1
Let s(x) = 1. Let t(k) be the second derivative of k**4/6 + 5*k**3/6 - 3*k**2/2 + 5*k. Let d(c) = -6*s(c) + t(c). What is the units digit of d(-8)?
9
Let o(b) = -13*b + 1. Let p(t) = 4*t + 14. Let k(i) = -4*i**2 - 2*i - 2. Let r be k(-1). Let s be p(r). What is the tens digit of o(s)?
2
Let a(o) = o**2 + 2*o - 1. Let z be a(-5). Let b = -119 - -119. Let d = z + b. What is the units digit of d?
4
Let y(s) = 118*s - 738. What is the hundreds digit of y(55)?
7
Let g(k) = 289 + 24349*k - 24315*k + 43. What is the tens digit of g(6)?
3
Suppose -3*g + 6*z = -43050, -61509 = -3*g + 2*z - 18443. What is the tens digit of g?
5
Suppose -2*q - 3*i + 129044 = 0, q - 2*i - 88425 + 23889 = 0. What is the ten thousands digit of q?
6
Let j be (16/6 - (-12)/36) + 35. Suppose 2*z - j = -30. Suppose 2*i + 4*m = 3*m + 84, z*i = 3*m + 148. What is the tens digit of i?
4
Let k be ((-2)/(-1 - -5))/(1/72). What is the hundreds digit of -1 + (-16276)/k + (-8)/72?
4
Let d(k) = 0*k**2 - 4 - 4*k**3 - 2*k**2 - k - 9*k**3. Let b be d(-3). Suppose 73 = -7*u + b. What is the units digit of u?
7
Suppose 5*p - 4*d + 11594 = 47255, -3*p + 2*d + 21397 = 0. Suppose p = 14*r - 1813. What is the hundreds digit of r?
6
Let q = 12273 + 615. What is the thousands digit of q?
2
Let o = -126351 + 179916. What is the hundreds digit of o?
5
Suppose -91 - 24 = 5*u. Let x = u - -25. Suppose -276 = -x*g - g. What is the tens digit of g?
9
Let q(b) = b**3 + 12*b**2 - 27*b + 1. Let o be q(-12). Suppose 28*z - 27*z = o. What is the units digit of z?
5
What is the thousands digit of ((-4)/3)/2 + (-36530)/(-30)?
1
What is the units digit of (-183)/(-427) - (2 - (-112582)/(-14))?
0
Suppose -159*a + 3*c - 251901 = -162*a, 3*a + 2*c = 251892. What is the thousands digit of a?
3
Let a(m) = -144 + 18*m - 94 + 302. What is the tens digit of a(20)?
2
Suppose -181 - 173 = -3*k + 3*g, -3*k = 2*g - 379. Let u = 277 - k. What is the units digit of u?
4
Let n(g) = 97*g - 4. Let i(j) = -96*j + 5. Let y(c) = -6*i(c) - 7*n(c). Let a be y(2). Let b = -99 - a. What is the units digit of b?
9
Let j = -23227 - -64826. What is the hundreds digit of j?
5
Suppose -258 - 18 = 3*z - 3*q, 3*z = -4*q - 304. What is the hundreds digit of 8*(-6)/12*z?
3
Let w be (12/2 - 7)/((-2)/12). Suppose 140 = w*b - 7*b. Let t = 253 + b. What i